s divided by 12?
11
What is the remainder when 16293 is divided by 7?
4
What is the remainder when 661 is divided by 50?
11
What is the remainder when 582 is divided by 151?
129
Calculate the remainder when 863 is divided by 108.
107
Calculate the remainder when 306 is divided by 22.
20
What is the remainder when 2493 is divided by 36?
9
What is the remainder when 1955 is divided by 140?
135
What is the remainder when 5846 is divided by 154?
148
Calculate the remainder when 241 is divided by 64.
49
What is the remainder when 574 is divided by 25?
24
What is the remainder when 1317 is divided by 188?
1
Calculate the remainder when 605 is divided by 19.
16
Calculate the remainder when 2204 is divided by 88.
4
Calculate the remainder when 1268 is divided by 9.
8
Calculate the remainder when 10 is divided by 8.
2
What is the remainder when 19 is divided by 11?
8
What is the remainder when 478 is divided by 40?
38
What is the remainder when 527 is divided by 128?
15
Calculate the remainder when 85 is divided by 24.
13
What is the remainder when 118 is divided by 31?
25
Calculate the remainder when 1147 is divided by 261.
103
Calculate the remainder when 2477 is divided by 10.
7
Calculate the remainder when 531 is divided by 140.
111
Calculate the remainder when 1381 is divided by 25.
6
What is the remainder when 7886 is divided by 33?
32
Calculate the remainder when 3042 is divided by 89.
16
Calculate the remainder when 204 is divided by 32.
12
What is the remainder when 227 is divided by 57?
56
What is the remainder when 72 is divided by 14?
2
What is the remainder when 123 is divided by 30?
3
What is the remainder when 530 is divided by 28?
26
What is the remainder when 160 is divided by 42?
34
Calculate the remainder when 962 is divided by 42.
38
Calculate the remainder when 74 is divided by 19.
17
Calculate the remainder when 333 is divided by 20.
13
Calculate the remainder when 45 is divided by 15.
0
Calculate the remainder when 1192 is divided by 309.
265
Calculate the remainder when 373 is divided by 42.
37
Calculate the remainder when 98 is divided by 81.
17
What is the remainder when 1202 is divided by 14?
12
Calculate the remainder when 2475 is divided by 20.
15
What is the remainder when 2897 is divided by 83?
75
What is the remainder when 161 is divided by 44?
29
What is the remainder when 98 is divided by 23?
6
What is the remainder when 754 is divided by 160?
114
Calculate the remainder when 337 is divided by 17.
14
What is the remainder when 185 is divided by 21?
17
Calculate the remainder when 1550 is divided by 26.
16
What is the remainder when 457 is divided by 46?
43
Calculate the remainder when 316 is divided by 29.
26
What is the remainder when 1298 is divided by 20?
18
Calculate the remainder when 4869 is divided by 108.
9
Calculate the remainder when 15999 is divided by 1333.
3
What is the remainder when 128 is divided by 12?
8
What is the remainder when 159 is divided by 18?
15
What is the remainder when 217 is divided by 55?
52
Calculate the remainder when 598 is divided by 40.
38
What is the remainder when 15592 is divided by 69?
67
Calculate the remainder when 1030 is divided by 29.
15
What is the remainder when 2428 is divided by 54?
52
Calculate the remainder when 101 is divided by 27.
20
Calculate the remainder when 1677 is divided by 286.
247
Calculate the remainder when 267 is divided by 134.
133
Calculate the remainder when 172 is divided by 164.
8
What is the remainder when 330 is divided by 17?
7
Calculate the remainder when 265 is divided by 84.
13
What is the remainder when 146 is divided by 33?
14
Calculate the remainder when 772 is divided by 198.
178
Calculate the remainder when 498 is divided by 27.
12
What is the remainder when 303 is divided by 103?
97
Calculate the remainder when 970 is divided by 77.
46
What is the remainder when 3080 is divided by 147?
140
Calculate the remainder when 329 is divided by 6.
5
What is the remainder when 266 is divided by 211?
55
What is the remainder when 3455 is divided by 38?
35
Calculate the remainder when 85 is divided by 1.
0
What is the remainder when 459 is divided by 36?
27
Calculate the remainder when 321 is divided by 33.
24
Calculate the remainder when 43 is divided by 13.
4
Calculate the remainder when 1311 is divided by 30.
21
What is the remainder when 466 is divided by 29?
2
Calculate the remainder when 152 is divided by 24.
8
What is the remainder when 214 is divided by 113?
101
Calculate the remainder when 581 is divided by 53.
51
Calculate the remainder when 1836 is divided by 184.
180
What is the remainder when 2347 is divided by 94?
91
What is the remainder when 66 is divided by 37?
29
What is the remainder when 445 is divided by 47?
22
Calculate the remainder when 955 is divided by 4.
3
What is the remainder when 1160 is divided by 14?
12
Calculate the remainder when 43 is divided by 31.
12
Calculate the remainder when 151 is divided by 72.
7
What is the remainder when 24 is divided by 10?
4
What is the remainder when 687 is divided by 53?
51
What is the remainder when 250 is divided by 12?
10
What is the remainder when 19886 is divided by 18?
14
What is the remainder when 922 is divided by 23?
2
What is the remainder when 156 is divided by 32?
28
What is the remainder when 2179 is divided by 42?
37
Calculate the remainder when 463 is divided by 250.
213
What is the remainder when 141 is divided by 21?
15
Calculate the remainder when 971 is divided by 264.
179
What is the remainder when 271 is divided by 122?
27
What is the remainder when 119 is divided by 67?
52
What is the remainder when 1232 is divided by 58?
14
Calculate the remainder when 87 is divided by 7.
3
Calculate the remainder when 39 is divided by 21.
18
Calculate the remainder when 1339 is divided by 443.
10
What is the remainder when 639 is divided by 95?
69
What is the remainder when 257 is divided by 65?
62
Calculate the remainder when 97 is divided by 20.
17
What is the remainder when 338 is divided by 17?
15
What is the remainder when 96 is divided by 23?
4
Calculate the remainder when 284 is divided by 13.
11
Calculate the remainder when 2200 is divided by 31.
30
What is the remainder when 162 is divided by 34?
26
Calculate the remainder when 368 is divided by 99.
71
What is the remainder when 448 is divided by 156?
136
Calculate the remainder when 5693 is divided by 39.
38
What is the remainder when 1212 is divided by 32?
28
What is the remainder when 23 is divided by 14?
9
Calculate the remainder when 154 is divided by 26.
24
Calculate the remainder when 699 is divided by 27.
24
What is the remainder when 325 is divided by 323?
2
Calculate the remainder when 323 is divided by 79.
7
What is the remainder when 6058 is divided by 30?
28
What is the remainder when 115 is divided by 107?
8
What is the remainder when 72 is divided by 65?
7
What is the remainder when 129 is divided by 44?
41
What is the remainder when 1474 is divided by 123?
121
What is the remainder when 20086 is divided by 6?
4
What is the remainder when 1905 is divided by 471?
21
Calculate the remainder when 1255 is divided by 37.
34
Calculate the remainder when 383 is divided by 7.
5
What is the remainder when 1064 is divided by 47?
30
Calculate the remainder when 258 is divided by 92.
74
Calculate the remainder when 1639 is divided by 40.
39
What is the remainder when 435 is divided by 109?
108
What is the remainder when 57 is divided by 5?
2
Calculate the remainder when 72 is divided by 21.
9
Calculate the remainder when 179 is divided by 92.
87
Calculate the remainder when 5068 is divided by 25.
18
Calculate the remainder when 349 is divided by 50.
49
What is the remainder when 496 is divided by 255?
241
Calculate the remainder when 32 is divided by 13.
6
What is the remainder when 347 is divided by 44?
39
What is the remainder when 518 is divided by 498?
20
What is the remainder when 237 is divided by 30?
27
Calculate the remainder when 713 is divided by 223.
44
What is the remainder when 1139 is divided by 6?
5
What is the remainder when 3589 is divided by 138?
1
Calculate the remainder when 1018 is divided by 5.
3
What is the remainder when 3238 is divided by 30?
28
Calculate the remainder when 55 is divid